{"id":101,"date":"2024-03-04T07:39:57","date_gmt":"2024-03-04T06:39:57","guid":{"rendered":"https:\/\/frohsinn-laichingen.de\/?page_id=101"},"modified":"2025-09-11T16:00:09","modified_gmt":"2025-09-11T14:00:09","slug":"maennerensemble","status":"publish","type":"page","link":"https:\/\/frohsinn-laichingen.de\/?page_id=101","title":{"rendered":"M\u00e4nnerensemble"},"content":{"rendered":"\n<figure class=\"wp-block-image size-full is-resized\"><img loading=\"lazy\" decoding=\"async\" width=\"945\" height=\"511\" src=\"https:\/\/frohsinn-laichingen.de\/wp-content\/uploads\/2025\/01\/image-3.png\" alt=\"\" class=\"wp-image-209\" style=\"width:468px;height:auto\" srcset=\"https:\/\/frohsinn-laichingen.de\/wp-content\/uploads\/2025\/01\/image-3.png 945w, https:\/\/frohsinn-laichingen.de\/wp-content\/uploads\/2025\/01\/image-3-300x162.png 300w, https:\/\/frohsinn-laichingen.de\/wp-content\/uploads\/2025\/01\/image-3-768x415.png 768w\" sizes=\"auto, (max-width: 945px) 100vw, 945px\" \/><\/figure>\n\n\n\n<p>Unsere munteren M\u00e4nner singen gerne alle m\u00f6gliche Literatur, von Barbershop-Songs \u00fcber Pophits und Klassisches. <\/p>\n\n\n\n<p>Das Ensemble probt alle zwei Wochen freitags im vereinseigenen Probenraum (Radstra\u00dfe 8, \u00fcber der B\u00fccherei, Eingang hinten). <br>Die Singstunden sind entspannt und gesellig, die M\u00e4nner werden unterst\u00fctzt von dem versierten Chorleiter Volker Hausen und singen <br>gerne bei Auff\u00fchrungen des gemischten Chors. Chorproben von <strong>17 bis 18.30 Uhr<\/strong><\/p>\n\n\n\n<p><\/p>\n","protected":false},"excerpt":{"rendered":"<p>Unsere munteren M\u00e4nner singen gerne alle m\u00f6gliche Literatur, von Barbershop-Songs \u00fcber Pophits und Klassisches. Das Ensemble probt alle zwei Wochen freitags im vereinseigenen Probenraum (Radstra\u00dfe 8, \u00fcber der B\u00fccherei, Eingang hinten). Die Singstunden sind entspannt und gesellig, die M\u00e4nner werden<\/p>\n","protected":false},"author":1,"featured_media":0,"parent":0,"menu_order":0,"comment_status":"closed","ping_status":"closed","template":"","meta":{"footnotes":""},"class_list":["post-101","page","type-page","status-publish","hentry"],"_links":{"self":[{"href":"https:\/\/frohsinn-laichingen.de\/index.php?rest_route=\/wp\/v2\/pages\/101","targetHints":{"allow":["GET"]}}],"collection":[{"href":"https:\/\/frohsinn-laichingen.de\/index.php?rest_route=\/wp\/v2\/pages"}],"about":[{"href":"https:\/\/frohsinn-laichingen.de\/index.php?rest_route=\/wp\/v2\/types\/page"}],"author":[{"embeddable":true,"href":"https:\/\/frohsinn-laichingen.de\/index.php?rest_route=\/wp\/v2\/users\/1"}],"replies":[{"embeddable":true,"href":"https:\/\/frohsinn-laichingen.de\/index.php?rest_route=%2Fwp%2Fv2%2Fcomments&post=101"}],"version-history":[{"count":4,"href":"https:\/\/frohsinn-laichingen.de\/index.php?rest_route=\/wp\/v2\/pages\/101\/revisions"}],"predecessor-version":[{"id":325,"href":"https:\/\/frohsinn-laichingen.de\/index.php?rest_route=\/wp\/v2\/pages\/101\/revisions\/325"}],"wp:attachment":[{"href":"https:\/\/frohsinn-laichingen.de\/index.php?rest_route=%2Fwp%2Fv2%2Fmedia&parent=101"}],"curies":[{"name":"wp","href":"https:\/\/api.w.org\/{rel}","templated":true}]}}